{"id":8342,"date":"2025-10-21T22:01:22","date_gmt":"2025-10-21T22:01:22","guid":{"rendered":"https:\/\/ecomodulares.cl\/?post_type=eco_testimonio&#038;p=8342"},"modified":"2025-10-21T22:01:22","modified_gmt":"2025-10-21T22:01:22","slug":"vivir-en-un-ecomodular-es-distinto","status":"publish","type":"eco_testimonio","link":"https:\/\/ecomodulares.cl\/index.php\/eco_testimonio\/vivir-en-un-ecomodular-es-distinto\/","title":{"rendered":"Vivir en un Ecomodular es distinto"},"content":{"rendered":"<p>Me encant\u00f3 que el proyecto fuera sustentable y eficiente t\u00e9rmicamente. En invierno la casa se mantiene templada y en verano no necesitamos aire acondicionado. Es una inversi\u00f3n inteligente<\/p>\n","protected":false},"template":"","tipo_cliente":[59],"_links":{"self":[{"href":"https:\/\/ecomodulares.cl\/index.php\/wp-json\/wp\/v2\/eco_testimonio\/8342"}],"collection":[{"href":"https:\/\/ecomodulares.cl\/index.php\/wp-json\/wp\/v2\/eco_testimonio"}],"about":[{"href":"https:\/\/ecomodulares.cl\/index.php\/wp-json\/wp\/v2\/types\/eco_testimonio"}],"wp:attachment":[{"href":"https:\/\/ecomodulares.cl\/index.php\/wp-json\/wp\/v2\/media?parent=8342"}],"wp:term":[{"taxonomy":"tipo_cliente","embeddable":true,"href":"https:\/\/ecomodulares.cl\/index.php\/wp-json\/wp\/v2\/tipo_cliente?post=8342"}],"curies":[{"name":"wp","href":"https:\/\/api.w.org\/{rel}","templated":true}]}}

<p>Me encantó que el proyecto fuera sustentable y eficiente térmicamente. En invierno la casa se mantiene templada y en verano no necesitamos aire acondicionado. Es una inversión inteligente</p>
